what is -306 - -33603?
33264
In base 12, what is 178 + 865136?
8652b2
In base 7, what is 133 - -153462?
153625
In base 3, what is 1201 - -100102222101212?
100102222110120
In base 9, what is -16140736 - -6?
-16140730
In base 8, what is -4543750 - 106?
-4544056
In base 16, what is 23 + -e0d42a?
-e0d407
In base 12, what is -b367 + -10b?
-b476
In base 8, what is -1001546 - -205?
-1001341
In base 7, what is -134346305 - -6?
-134346266
In base 4, what is 1 - 2013322320311?
-2013322320310
In base 7, what is -1 - 26121025?
-26121026
In base 6, what is -12424 - 3042114?
-3054542
In base 7, what is -5 - 316631231?
-316631236
In base 15, what is -75e182 - -2?
-75e180
In base 9, what is 1475106045 - -5?
1475106051
In base 14, what is -7 + -14bc891?
-14bc898
In base 16, what is 6 + -d6f0a?
-d6f04
In base 12, what is -1961675 + 8?
-1961669
In base 13, what is -3329 + 26b?
-308b
In base 9, what is -2088 - -2423?
324
In base 5, what is -4 + 44420110?
44420101
In base 15, what is 187e + 652?
1ed1
In base 6, what is 5 + -14324514205?
-14324514200
In base 3, what is -221010200 + 1220101?
-212020022
In base 13, what is -20a + -2bb202?
-2bb40c
In base 15, what is 1e6606c - 5?
1e66067
In base 12, what is -6 - -18b0641?
18b0637
In base 14, what is -112a766 + -7?
-112a76d
In base 10, what is -289965 - 5?
-289970
In base 10, what is -41483 + -65?
-41548
In base 13, what is 82bac400 - -1?
82bac401
In base 8, what is -7 - -353725?
353716
In base 6, what is -2323 - 12223?
-14550
In base 14, what is -27b0 - 37d4d?
-3a71d
In base 12, what is 121 - -21616?
21737
In base 7, what is -146 - 1300145?
-1300324
In base 4, what is -123330 - 10323000?
-11112330
In base 6, what is -2 + -35202044334?
-35202044340
In base 13, what is -933a7 + -103?
-934aa
In base 14, what is -105 - 5ab473?
-5ab578
In base 15, what is -6e6dd - 7b?
-6e769
In base 8, what is 141545 - -5702?
147447
In base 5, what is 112000 - 212?
111233
In base 7, what is 4 - 2300533213?
-2300533206
In base 3, what is -221120 + -112222211?
-120221101
In base 8, what is -2077 - 134571?
-136670
In base 12, what is -1404 + -121981?
-123185
In base 16, what is -396c - 176?
-3ae2
In base 9, what is 4 - 334743?
-334738
In base 10, what is 1441 - -17293?
18734
In base 6, what is 154 - -2220432?
2221030
In base 9, what is 1632177 - -53?
1632241
In base 5, what is -3033102323 - 10?
-3033102333
In base 11, what is -136 - 6a44?
-707a
In base 3, what is -221211122211221 - -22?
-221211122211122
In base 9, what is -23203 + -558?
-23762
In base 6, what is 2212 - 142312?
-140100
In base 15, what is 3e706c + 4?
3e7071
In base 8, what is -307473064 + 4?
-307473060
In base 13, what is -2 + 4aa53a8?
4aa53a6
In base 9, what is 0 + 16142023?
16142023
In base 14, what is -2c25017b9 + -1?
-2c25017ba
In base 8, what is -21542625 + 3?
-21542622
In base 3, what is -100012222100 + 110212?
-100012111111
In base 4, what is 313331232112 - 0?
313331232112
In base 11, what is 211820580 + 1?
211820581
In base 3, what is -210 - 21110221121?
-21110222101
In base 3, what is -11111201112010 - 1?
-11111201112011
In base 8, what is -2443 - -12567?
10124
In base 11, what is -255 - -11472?
11218
In base 4, what is 20222031310 - 13?
20222031231
In base 5, what is -1432310 + 22004?
-1410301
In base 9, what is -511 + -2104?
-2615
In base 10, what is 170 + -5877462?
-5877292
In base 11, what is -4 - -26234626?
26234622
In base 11, what is 506 + -217a?
-1774
In base 13, what is -b30c73 + -31?
-b30ca4
In base 8, what is -214 + 206775?
206561
In base 8, what is -40 - -1521635?
1521575
In base 14, what is -2 - -2ac5b641?
2ac5b63d
In base 7, what is 254455011 + -6?
254455002
In base 3, what is -12202112 + 1100100?
-11102012
In base 2, what is -100011001110110010101111 - -10011110?
-100011001110110000010001
In base 6, what is 135 + 2052110?
2052245
In base 16, what is 1f94341 - -2?
1f94343
In base 15, what is 4 - -e9eee?
ea003
In base 8, what is -313640242 - -1?
-313640241
In base 5, what is 13 + 1241123?
1241141
In base 14, what is 0 + -7858dc?
-7858dc
In base 12, what is -55574 + 826?
-5494a
In base 4, what is 22 - 33032201?
-33032113
In base 5, what is 11013341000 - 2?
11013340443
In base 10, what is 476 + -119829?
-119353
In base 4, what is 0 - -312132012?
312132012
In base 5, what is 11 + 2003102111?
2003102122
In base 9, what is 10 - 287568?
-287558
In base 2, what is -11011100010001010101101110 + 111?
-11011100010001010101100111
In base 14, what is -4 + 4a2165?
4a2161
In base 13, what is -201753 + 54?
-2016cc
In base 16, what is -41 - -3a96db?
3a969a
In base 16, what is -ef6f - -33?
-ef3c
In base 6, what is 31245253 + 104?
31245401
In base 12, what is -19a9583 + 3?
-19a9580
In base 7, what is -263 + -103550300?
-103550563
In base 16, what is -3d + 12aadc?
12aa9f
In base 5, what is 330 + -21304343?
-21304013
In base 6, what is -1 + -1314231304?
-1314231305
In base 16, what is -157bd - 76?
-15833
In base 4, what is 103 - 32203102022?
-32203101313
In base 8, what is -53 + 105730?
105655
In base 12, what is -4710047 - -5?
-4710042
In base 13, what is -7763325 + 4?
-7763321
In base 2, what is -100011 - -100100110001110010000?
100100110001101101101
In base 9, what is -1731281447 + 5?
-1731281442
In base 13, what is -a2 - aac18?
-aacba
In base 15, what is -25ca + 8532?
5e57
In base 15, what is 8 + 1210c?
12115
In base 16, what is -5 + -57a16c5?
-57a16ca
In base 2, what is 1101010011010 - -101110011110?
10011000111000
In base 14, what is -114 - 1b4423?
-1b4537
In base 8, what is 256106 - 325?
255561
In base 5, what is 0 - 120024033030?
-120024033030
In base 3, what is 21201121120 + 12002?
21201210122
In base 9, what is -2 + 115374818?
115374816
In base 3, what is 11112022022 + -1220?
11112020102
In base 12, what is 4 - -9973207?
997320b
In base 5, what is 31103 + 133010?
214113
In base 15, what is -4183 - 312?
-4495
In base 15, what is -58a - 85c0?
-8b5a
In base 9, what is 1 - -30286148?
30286150
In base 12, what is -627 - -1ab802?
1ab197
In base 10, what is -26365 + -679?
-27044
In base 10, what is 2062915 - 5?
2062910
In base 15, what is -21a694 - -5c?
-21a637
In base 6, what is -1224354040 - -2?
-1224354034
In base 7, what is -20051 + 100302?
50221
In base 12, what is 845518 + -6?
845512
In base 12, what is -3 - 7044778?
-704477b
In base 11, what is -30 - -4395888?
4395858
In base 10, what is 42 + -986741?
-986699
In base 8, what is 35177264 - 1?
35177263
In base 3, what is 10 - 200111020022222112?
-200111020022222102
In base 12, what is -9 + -10a0a57?
-10a0a64
In base 5, what is 2111130223 + -132?
2111130041
In base 10, what is -8467214 + -3?
-8467217
In base 3, what is -1 - 11112011210001?
-11112011210002
In base 14, what is 1166db6d - -4?
1166db73
In base 15, what is 5 - 1d79d61?
-1d79d5b
In base 13, what is -5c5 + 2019?
1724
In base 11, what is 3095 + 6a5a7?
72691
In base 8, what is -1 - -53632274?
53632273
In base 14, what is -374bdc + 0?
-374bdc
In base 9, what is 6 - -10744742?
10744748
In base 3, what is -22212000220222220 + 0?
-22212000220222220
In base 14, what is -9c36b + -a?
-9c377
In base 2, what is 0 - -111011010101011000000?
111011010101011000000
In base 5, what is 2233122 - 4334?
2223233
In base 3, what is -10 - 120022021110?
-120022021120
In base 6, what is 3 - 12021553?
-12021550
In base 7, what is -34030023321 + -5?
-34030023326
In base 11, what is -23982 + -94?
-23a66
In base 7, what is 4 - -1206641105?
1206641112
In base 8, what is -5 + -14416066?
-14416073
In base 8, what is 2751504 - -115?
2751621
In base 2, what is 101 + -1000001001101010101011101001?
-1000001001101010101011100100
In base 5, what is -1 - -13142134032?
13142134031
In base 14, what is 68 + 6d134c?
6d13b6
In base 15, what is -105838 + 4?
-105834
In base 10, what is 2 - -14661882?
14661884
In base 16, what is 3d4bc1f - 3?
3d4bc1c
In base 11, what is 1 - -127658a?
1276590
In base 2, what is 1110101100011100000100001 - -10?
1110101100011100000100011
In base 14, what is 4b + -34a88?
-34a3b
In base 4, what is -21012 + 11033022?
11012010
In base 10, what is -226 + -585192?
-585418
In base 12, what is 74 - -22b2ab?
22b363
In base 8, what is -103635 - 20141?
-123776
In base 2, what is 11001010011 + 11100000?
11100110011
In base 4, what is -1123310230331 - 2?
-1123310230333
In base 3, w